 - 2). What is the greatest common divisor of k and v?
2
Let a = -47 + 18. Let o = -21 - a. Let s = 14 - o. What is the highest common divisor of 66 and s?
6
Suppose -475 = -209*i + 204*i. Let o = -17 + i. Let m(a) = 5*a**2 + a + 4. Let l be m(3). Calculate the highest common factor of l and o.
26
Let s be 5 - (50/60 - (-2)/12). Suppose 0*t - 2*t + 201 = 5*d, s*d - 156 = -4*t. Calculate the greatest common divisor of 369 and d.
41
Let z = 210 + -196. Let i be ((-120)/z)/(48/(-448)). What is the greatest common factor of 48 and i?
16
Let s(r) = 5*r**2 + 28*r + 136. Let m be s(-8). Calculate the highest common factor of m and 145.
29
Let l(s) = -44*s**2 - 5*s - 2. Let z be l(-2). Let f be ((1/3)/1)/((-8)/z). Calculate the greatest common factor of 175 and f.
7
Let y(w) = -w - 5. Let v be y(-4). Let f be ((-27)/(-18))/(v/(-2)). Let c be (13 + -1)*12/24. Calculate the greatest common factor of c and f.
3
Let j = -550 - -920. Suppose 17*l - 606 = 20*l + 4*q, -5*l - 4*q = 1010. Let c = j + l. What is the greatest common divisor of c and 24?
24
Suppose 0*g - 4*g + 4 = 0, -r + 4*g + 20 = 0. Suppose -4*p = -2*v, p + 0 = 5*v - 27. Let q be 1*-2*(-15*6 + v). Calculate the highest common divisor of r and q.
24
Let l be (2 - 102)/(-5) - 1. Let d = l - 14. Suppose 2*u - 2*m = 510, u + d*m = 3*u - 507. Calculate the highest common divisor of u and 32.
32
Suppose 0 = 5*r - 5*f - 30, 10*r - 5*r - 26 = f. Suppose -2*k - 26 = -2*j, r*j - 2*k - 49 = 13. Calculate the highest common divisor of 112 and j.
4
Let k(l) = -4*l - 30. Let w be k(-8). Suppose -5*o - 65 = -5*a, -4*a = -5*a - w*o + 10. Calculate the highest common divisor of a and 78.
6
Let j be (12/(-20)*-1)/((-1)/(-5)). Suppose 0 = 2*s + 3*m - 138 - j, -4*s - m = -277. Let g = -66 + s. Calculate the greatest common factor of g and 1.
1
Let f = 512 + -436. Suppose -28 + f = 2*m - 4*l, -m + l = -23. Let u = 34 + 120. Calculate the greatest common divisor of u and m.
22
Suppose -2*u = 2*c - 40, -2*u = -5*c + u + 60. Suppose -2*t - 4*d + 326 = 0, -1221*t = -1223*t - 5*d + 325. What is the greatest common divisor of t and c?
15
Suppose -17*i + 194*i = 40*i + 28496. Suppose -1092 = -l - 2*l. Calculate the highest common divisor of l and i.
52
Suppose c = 4*s + 358 - 1734, 0 = -4*s + 3*c + 1376. What is the greatest common divisor of 5117 and s?
43
Let m be 3 - (-3 + (0 - 9)). Let f be 1/(16/13432) - (-1)/2. Calculate the highest common divisor of m and f.
15
Let y = 5 - 0. Let w(l) = 17*l - 71. Let u(c) = 15*c - 73. Let i(p) = -7*u(p) + 6*w(p). Let z be i(10). Calculate the greatest common factor of z and y.
5
Let r be (-518)/(-148)*(288/14)/2. What is the highest common divisor of 147 and r?
3
Let k be -8*((-1)/2)/(-1). Let p be -2 + (31*k)/(-2). Suppose -21*a + 356 = 25*a - 334. Calculate the highest common divisor of p and a.
15
Let s(v) = v**3 - 55*v**2 + 392*v - 62. Let z be s(47). Calculate the highest common divisor of z and 210.
30
Suppose -2*f = -2*g, -3*g - 20 = 2*g - f. Let b(k) = -k**3 - 5*k**2 + 1. Let w be b(g). Suppose 36 = 5*c + 1. What is the highest common factor of c and w?
1
Suppose 2*k - 213 - 325 = 0. Suppose 4*w = -3*l + 5*w + 207, -4*l - w + k = 0. What is the greatest common factor of 102 and l?
34
Let i(n) = 113*n + 3098. Let l be i(-21). What is the highest common factor of l and 1537?
29
Let x(h) = -25*h + 819. Let w be x(-3). What is the greatest common divisor of w and 12?
6
Let n be ((-12)/(-40))/((-27)/(-1350)). What is the greatest common factor of 1815 and n?
15
Suppose 0 = 3*d - 12, -10 = 3*x - d + 6. Let v be ((-42)/10)/(x*1/40). Calculate the highest common divisor of 14 and v.
14
Let x = -53 - -83. Suppose 0 = 2*d + x + 42. Let a = d + 39. What is the highest common factor of a and 27?
3
Suppose 383 = 3*a - 2*l, -l + 673 = -37*a + 42*a. Calculate the greatest common divisor of a and 119.
7
Suppose 0*o + 4*o - 1554 = 5*y, -2*y - 624 = -4*o. Let l = 610 + y. What is the highest common factor of l and 75?
75
Suppose -y + 277 = 5*v, 3*v - 5*y - 210 = -v. Suppose 3*l + 14*l = 187. What is the highest common factor of l and v?
11
Suppose x + 137 - 1362 = -4*x. What is the highest common factor of 315 and x?
35
Let k(g) = -5*g**3 - 52*g**2 + 14*g - 6. Let v be k(-11). What is the highest common divisor of v and 1624?
203
Let c be ((-7)/(-1))/(8/(-656)). Let q = 724 + c. What is the greatest common factor of 100 and q?
50
Suppose 7*w - 4*k = 228 + 1045, 4*w + 4*k - 696 = 0. Calculate the greatest common divisor of 24881 and w.
179
Let q be 5 - -2 - (-4)/4*1. Let l be 20/9 + (-8)/36. Let m be 17/l*q/2. What is the highest common factor of m and 136?
34
Let z = 319 - 140. Let i = z - 157. What is the greatest common factor of i and 33?
11
Let d(x) = -107*x - 48. Let b be d(4). Let h = b + 659. What is the highest common factor of 305 and h?
61
Let k(h) = 33*h**2 + 102*h + 624. Let u be k(-10). Calculate the highest common factor of 24 and u.
24
Let y(n) = -2*n**2 - 72*n - 10. Let b be y(-31). Calculate the highest common divisor of b and 4650.
150
Let g(u) = -u**2 + 270*u - 4542. Let s be g(178). Calculate the highest common factor of 122 and s.
122
Suppose 49*u = 45*u + 36. Let r be (185/60*u)/(6/16). What is the greatest common factor of r and 296?
74
Let i(c) = 6*c**2 + c - 30. Let u be i(0). Let b be (-3)/5 + ((-32508)/u)/6. Suppose -b = -q - 2*q. Calculate the greatest common divisor of 6 and q.
6
Suppose 32 = s + s. Let l(p) = 2*p**3 - 33*p**2 - 10*p - 111. Let v be l(17). Calculate the highest common divisor of v and s.
8
Suppose -3*i - 2*i = 4*h - 300, -4*h = 3*i - 180. Let v be 6/(-45) - (-1928)/i. Calculate the highest common divisor of 12 and v.
4
Let k be 374/(-2*6/16 + 704/256). What is the greatest common divisor of k and 154?
11
Let l(o) = 311*o - 6679. Let h be l(34). What is the greatest common divisor of h and 76?
19
Let c be (6/(-4))/((-41)/(-164)). Suppose 24 = -3*o - 0*o. Let m be (-113)/o + c/48. Calculate the highest common divisor of m and 7.
7
Suppose 0 = w - 6 - 0. Suppose -804*n = -736*n. Let a be 20 + 3/w*n. What is the greatest common divisor of 10 and a?
10
Suppose -4*m = -2*k + 1 + 11, 0 = 5*k. Let r be (1 - 2/1)/(m/6). Let g be 1089/9 - r*(0 + 2). Calculate the highest common factor of 13 and g.
13
Let t = -13225 - -25525. Calculate the greatest common divisor of t and 60.
60
Suppose -66*i + 1420 = -2061 - 743. Suppose -5*p = -n - n - 952, 0 = -n + 4. What is the greatest common factor of p and i?
64
Suppose 2*u + u + 4 = -2*j, -5*j - 10 = 5*u. Let m be 0 - u - (-12 + -18). Let k be (-116)/(-10) + 34/85. Calculate the highest common factor of k and m.
6
Let q be (-2 - 0 - 1)*10/(-2). Let h = 195 - 120. What is the highest common factor of q and h?
15
Let p = 29 + -29. Let w be (p + 2)*-61*(-9)/18. What is the highest common factor of 244 and w?
61
Let r = 25 - 18. Let c(g) = -6*g**2 + 50*g - 20. Let o be c(r). Calculate the greatest common factor of 414 and o.
18
Let k be -90 - 0 - (-2 + -1). Let n be k/6*(-2)/1. Calculate the greatest common factor of n and 464.
29
Suppose -2*f + 119 = l, -12*f + 15*f - 184 = 4*l. What is the greatest common divisor of 2060 and f?
20
Let o be (-41)/(-4) - 1/4. Suppose -950*a = -3760 - 8985 - 15755. What is the greatest common factor of o and a?
10
Suppose 0 = 40*n - 26*n + 84. Let k(f) = -2*f**3 - 6*f**2 - 8*f - 4. Let q be k(n). What is the highest common factor of 60 and q?
20
Let k(a) = 9*a - 117. Let j be k(47). Suppose 7*s - j = -201. Calculate the greatest common factor of s and 215.
5
Suppose 2*h + 3*s - 818 = h, 2*h + 5*s = 1633. Let c = -569 + h. Suppose 5*w - c = -w. What is the highest common factor of w and 20?
20
Let y be -87*(22/(-6) - -3). Suppose -u = -s + 4*u + y, -5*s + 232 = 4*u. What is the greatest common divisor of 240 and s?
48
Let i = -14176 - -25132. What is the greatest common divisor of i and 132?
132
Let n(a) = 6*a**3 - 2*a**2 + 5*a - 15. Let q be n(3). What is the greatest common factor of q and 6768?
144
Let m be (-54 + 55)/(2/6426). Calculate the highest common divisor of 17 and m.
17
Let m(y) = -33*y - 179. Let l be m(-7). What is the greatest common divisor of 3406 and l?
26
Suppose -4*p - r + 638 + 2089 = 0, 4*r = -2*p + 1360. What is the highest common factor of p and 22?
22
Let